{"id":92,"date":"2025-07-25T17:01:33","date_gmt":"2025-07-25T15:01:33","guid":{"rendered":"https:\/\/ileokpe.org\/?page_id=92"},"modified":"2025-12-17T16:24:35","modified_gmt":"2025-12-17T15:24:35","slug":"a-propos","status":"publish","type":"page","link":"https:\/\/ileokpe.org\/index.php\/a-propos\/","title":{"rendered":"\u00c0 Propos"},"content":{"rendered":"\t\t<div data-elementor-type=\"wp-page\" data-elementor-id=\"92\" class=\"elementor elementor-92\" data-elementor-post-type=\"page\">\n\t\t\t\t<div class=\"elementor-element elementor-element-65005386 e-flex e-con-boxed e-con e-parent\" data-id=\"65005386\" data-element_type=\"container\" data-settings=\"{&quot;background_background&quot;:&quot;classic&quot;}\">\n\t\t\t\t\t<div class=\"e-con-inner\">\n\t\t<div class=\"elementor-element elementor-element-5401e3db e-con-full e-flex e-con e-child\" data-id=\"5401e3db\" data-element_type=\"container\">\n\t\t\t\t<div class=\"elementor-element elementor-element-501b031e elementor-icon-list--layout-inline elementor-align-center elementor-list-item-link-full_width elementor-widget elementor-widget-icon-list\" data-id=\"501b031e\" data-element_type=\"widget\" data-widget_type=\"icon-list.default\">\n\t\t\t\t<div class=\"elementor-widget-container\">\n\t\t\t\t\t\t\t<ul class=\"elementor-icon-list-items elementor-inline-items\">\n\t\t\t\t\t\t\t<li class=\"elementor-icon-list-item elementor-inline-item\">\n\t\t\t\t\t\t\t\t\t\t\t<a href=\"https:\/\/ileokpe.org\">\n\n\t\t\t\t\t\t\t\t\t\t\t<span class=\"elementor-icon-list-text\">Accuel<\/span>\n\t\t\t\t\t\t\t\t\t\t\t<\/a>\n\t\t\t\t\t\t\t\t\t<\/li>\n\t\t\t\t\t\t\t\t<li class=\"elementor-icon-list-item elementor-inline-item\">\n\t\t\t\t\t\t\t\t\t\t\t<span class=\"elementor-icon-list-icon\">\n\t\t\t\t\t\t\t<svg aria-hidden=\"true\" class=\"e-font-icon-svg e-fas-chevron-right\" viewBox=\"0 0 320 512\" xmlns=\"http:\/\/www.w3.org\/2000\/svg\"><path d=\"M285.476 272.971L91.132 467.314c-9.373 9.373-24.569 9.373-33.941 0l-22.667-22.667c-9.357-9.357-9.375-24.522-.04-33.901L188.505 256 34.484 101.255c-9.335-9.379-9.317-24.544.04-33.901l22.667-22.667c9.373-9.373 24.569-9.373 33.941 0L285.475 239.03c9.373 9.372 9.373 24.568.001 33.941z\"><\/path><\/svg>\t\t\t\t\t\t<\/span>\n\t\t\t\t\t\t\t\t\t\t<span class=\"elementor-icon-list-text\"><\/span>\n\t\t\t\t\t\t\t\t\t<\/li>\n\t\t\t\t\t\t<\/ul>\n\t\t\t\t\t\t<\/div>\n\t\t\t\t<\/div>\n\t\t\t\t<\/div>\n\t\t\t\t\t<\/div>\n\t\t\t\t<\/div>\n\t\t<div class=\"elementor-element elementor-element-4b2cdece e-flex e-con-boxed e-con e-parent\" data-id=\"4b2cdece\" data-element_type=\"container\">\n\t\t\t\t\t<div class=\"e-con-inner\">\n\t\t<div class=\"elementor-element elementor-element-2c121f65 e-con-full e-flex e-con e-child\" data-id=\"2c121f65\" data-element_type=\"container\">\n\t\t\t\t<div class=\"elementor-element elementor-element-a0f5658 elementor-widget__width-initial elementor-widget elementor-widget-image\" data-id=\"a0f5658\" data-element_type=\"widget\" data-widget_type=\"image.default\">\n\t\t\t\t<div class=\"elementor-widget-container\">\n\t\t\t\t\t\t\t\t\t\t\t\t\t\t\t<img fetchpriority=\"high\" decoding=\"async\" width=\"800\" height=\"600\" src=\"https:\/\/ileokpe.org\/wp-content\/uploads\/2025\/12\/20251105_175403-1-1024x768.jpg\" class=\"attachment-large size-large wp-image-830\" alt=\"\" srcset=\"https:\/\/ileokpe.org\/wp-content\/uploads\/2025\/12\/20251105_175403-1-1024x768.jpg 1024w, https:\/\/ileokpe.org\/wp-content\/uploads\/2025\/12\/20251105_175403-1-300x225.jpg 300w, https:\/\/ileokpe.org\/wp-content\/uploads\/2025\/12\/20251105_175403-1-768x576.jpg 768w, https:\/\/ileokpe.org\/wp-content\/uploads\/2025\/12\/20251105_175403-1-1536x1152.jpg 1536w, https:\/\/ileokpe.org\/wp-content\/uploads\/2025\/12\/20251105_175403-1-2048x1536.jpg 2048w, https:\/\/ileokpe.org\/wp-content\/uploads\/2025\/12\/20251105_175403-1-600x450.jpg 600w\" sizes=\"(max-width: 800px) 100vw, 800px\" \/>\t\t\t\t\t\t\t\t\t\t\t\t\t\t\t<\/div>\n\t\t\t\t<\/div>\n\t\t<div class=\"elementor-element elementor-element-4b6bc323 e-con-full e-flex e-con e-child\" data-id=\"4b6bc323\" data-element_type=\"container\">\n\t\t<div class=\"elementor-element elementor-element-1891c6ca e-con-full e-flex e-con e-child\" data-id=\"1891c6ca\" data-element_type=\"container\">\n\t\t\t\t<div class=\"elementor-element elementor-element-27a511e5 elementor-widget elementor-widget-heading\" data-id=\"27a511e5\" data-element_type=\"widget\" data-widget_type=\"heading.default\">\n\t\t\t\t<div class=\"elementor-widget-container\">\n\t\t\t\t\t<h2 class=\"elementor-heading-title elementor-size-default\">NOTRE VISION<\/h2>\t\t\t\t<\/div>\n\t\t\t\t<\/div>\n\t\t\t\t<\/div>\n\t\t\t\t<div class=\"elementor-element elementor-element-d24dad9 elementor-widget elementor-widget-text-editor\" data-id=\"d24dad9\" data-element_type=\"widget\" data-widget_type=\"text-editor.default\">\n\t\t\t\t<div class=\"elementor-widget-container\">\n\t\t\t\t\t\t\t\t\t<p><strong>Il\u00e9 Okp\u00ea Center <\/strong>est plus qu\u2019un Centre Culturel. C\u2019est un lieu de VIE. Un espace vivant o\u00f9 culture, le loisir et sport se rencontrent pour construire une communaut\u00e9 plus \u00e9panouie. Une oasis de calme et d\u2019inspiration.<\/p><p>Notre centre est un espace refuge et tremplin \u00e0 la fois : refuge pour ceux qui cherchent \u00e0 se reconnecter \u00e0 leur histoire et \u00e0 leur identit\u00e9, tremplin pour celles et ceux qui veulent apprendre, cr\u00e9er, partager.<\/p>\t\t\t\t\t\t\t\t<\/div>\n\t\t\t\t<\/div>\n\t\t\t\t<\/div>\n\t\t\t\t<\/div>\n\t\t\t\t\t<\/div>\n\t\t\t\t<\/div>\n\t\t<div class=\"elementor-element elementor-element-cef86f0 e-grid e-con-boxed e-con e-parent\" data-id=\"cef86f0\" data-element_type=\"container\" data-settings=\"{&quot;background_background&quot;:&quot;classic&quot;}\">\n\t\t\t\t\t<div class=\"e-con-inner\">\n\t\t<div class=\"elementor-element elementor-element-23fc848 e-con-full e-flex e-con e-child\" data-id=\"23fc848\" data-element_type=\"container\">\n\t\t<div class=\"elementor-element elementor-element-7f4857e e-con-full e-flex e-con e-child\" data-id=\"7f4857e\" data-element_type=\"container\">\n\t\t\t\t<div class=\"elementor-element elementor-element-4922702 elementor-widget elementor-widget-heading\" data-id=\"4922702\" data-element_type=\"widget\" data-widget_type=\"heading.default\">\n\t\t\t\t<div class=\"elementor-widget-container\">\n\t\t\t\t\t<h2 class=\"elementor-heading-title elementor-size-default\">NOTRE MISSION<\/h2>\t\t\t\t<\/div>\n\t\t\t\t<\/div>\n\t\t\t\t<\/div>\n\t\t\t\t<div class=\"elementor-element elementor-element-65766ea elementor-widget elementor-widget-text-editor\" data-id=\"65766ea\" data-element_type=\"widget\" data-widget_type=\"text-editor.default\">\n\t\t\t\t<div class=\"elementor-widget-container\">\n\t\t\t\t\t\t\t\t\t<p>Nous croyons que la Culture, le Loisir et le Sport sont des outils puissants pour assurer un bien \u00eatre harmonieux des Hommes.\u00a0 Chez IOC, <strong>nous faisons de chaque moment une c\u00e9l\u00e9bration du vivant<\/strong>.<\/p><p>Nous nous engageons \u00e0 rendre l&#8217;art et la culture accessibles \u00e0 tous.<\/p>\t\t\t\t\t\t\t\t<\/div>\n\t\t\t\t<\/div>\n\t\t\t\t<\/div>\n\t\t\t\t<div class=\"elementor-element elementor-element-28182ba elementor-widget elementor-widget-image\" data-id=\"28182ba\" data-element_type=\"widget\" data-widget_type=\"image.default\">\n\t\t\t\t<div class=\"elementor-widget-container\">\n\t\t\t\t\t\t\t\t\t\t\t\t\t\t\t<img decoding=\"async\" width=\"800\" height=\"533\" src=\"https:\/\/ileokpe.org\/wp-content\/uploads\/2025\/12\/WhatsApp-Image-2025-11-25-at-20.48.14-1-1024x682.jpeg\" class=\"attachment-large size-large wp-image-834\" alt=\"\" srcset=\"https:\/\/ileokpe.org\/wp-content\/uploads\/2025\/12\/WhatsApp-Image-2025-11-25-at-20.48.14-1-1024x682.jpeg 1024w, https:\/\/ileokpe.org\/wp-content\/uploads\/2025\/12\/WhatsApp-Image-2025-11-25-at-20.48.14-1-300x200.jpeg 300w, https:\/\/ileokpe.org\/wp-content\/uploads\/2025\/12\/WhatsApp-Image-2025-11-25-at-20.48.14-1-768x512.jpeg 768w, https:\/\/ileokpe.org\/wp-content\/uploads\/2025\/12\/WhatsApp-Image-2025-11-25-at-20.48.14-1-1536x1023.jpeg 1536w, https:\/\/ileokpe.org\/wp-content\/uploads\/2025\/12\/WhatsApp-Image-2025-11-25-at-20.48.14-1-600x400.jpeg 600w, https:\/\/ileokpe.org\/wp-content\/uploads\/2025\/12\/WhatsApp-Image-2025-11-25-at-20.48.14-1.jpeg 1600w\" sizes=\"(max-width: 800px) 100vw, 800px\" \/>\t\t\t\t\t\t\t\t\t\t\t\t\t\t\t<\/div>\n\t\t\t\t<\/div>\n\t\t\t\t\t<\/div>\n\t\t\t\t<\/div>\n\t\t<div class=\"elementor-element elementor-element-1e036b5 e-flex e-con-boxed e-con e-parent\" data-id=\"1e036b5\" data-element_type=\"container\">\n\t\t\t\t\t<div class=\"e-con-inner\">\n\t\t<div class=\"elementor-element elementor-element-00c0f58 e-con-full e-flex e-con e-child\" data-id=\"00c0f58\" data-element_type=\"container\">\n\t\t\t\t<div class=\"elementor-element elementor-element-4673e58 elementor-widget__width-initial elementor-widget elementor-widget-image\" data-id=\"4673e58\" data-element_type=\"widget\" data-widget_type=\"image.default\">\n\t\t\t\t<div class=\"elementor-widget-container\">\n\t\t\t\t\t\t\t\t\t\t\t\t\t\t\t<img decoding=\"async\" width=\"800\" height=\"533\" src=\"https:\/\/ileokpe.org\/wp-content\/uploads\/2025\/12\/WhatsApp-Image-2025-11-25-at-20.48.15-1024x682.jpeg\" class=\"attachment-large size-large wp-image-835\" alt=\"\" srcset=\"https:\/\/ileokpe.org\/wp-content\/uploads\/2025\/12\/WhatsApp-Image-2025-11-25-at-20.48.15-1024x682.jpeg 1024w, https:\/\/ileokpe.org\/wp-content\/uploads\/2025\/12\/WhatsApp-Image-2025-11-25-at-20.48.15-300x200.jpeg 300w, https:\/\/ileokpe.org\/wp-content\/uploads\/2025\/12\/WhatsApp-Image-2025-11-25-at-20.48.15-768x511.jpeg 768w, https:\/\/ileokpe.org\/wp-content\/uploads\/2025\/12\/WhatsApp-Image-2025-11-25-at-20.48.15-600x399.jpeg 600w, https:\/\/ileokpe.org\/wp-content\/uploads\/2025\/12\/WhatsApp-Image-2025-11-25-at-20.48.15.jpeg 1080w\" sizes=\"(max-width: 800px) 100vw, 800px\" \/>\t\t\t\t\t\t\t\t\t\t\t\t\t\t\t<\/div>\n\t\t\t\t<\/div>\n\t\t<div class=\"elementor-element elementor-element-a960e94 e-con-full e-flex e-con e-child\" data-id=\"a960e94\" data-element_type=\"container\">\n\t\t<div class=\"elementor-element elementor-element-ebe0140 e-con-full e-flex e-con e-child\" data-id=\"ebe0140\" data-element_type=\"container\">\n\t\t\t\t<div class=\"elementor-element elementor-element-f5cbe36 elementor-widget elementor-widget-heading\" data-id=\"f5cbe36\" data-element_type=\"widget\" data-widget_type=\"heading.default\">\n\t\t\t\t<div class=\"elementor-widget-container\">\n\t\t\t\t\t<h2 class=\"elementor-heading-title elementor-size-default\">Nos Valeurs<\/h2>\t\t\t\t<\/div>\n\t\t\t\t<\/div>\n\t\t\t\t<\/div>\n\t\t\t\t<div class=\"elementor-element elementor-element-ef8947e elementor-widget elementor-widget-text-editor\" data-id=\"ef8947e\" data-element_type=\"widget\" data-widget_type=\"text-editor.default\">\n\t\t\t\t<div class=\"elementor-widget-container\">\n\t\t\t\t\t\t\t\t\t<p>En tant qu\u2019organisation, nos valeurs sont d\u00e9terminantes dans la mod\u00e9lisation de notre identit\u00e9. Elles d\u00e9finissent la fa\u00e7on dont les membres du personnel se comportent quotidiennement, \u00e0 la fois en tant qu&#8217;individus et en tant qu&#8217;organisation, dans la poursuite de notre mission. Nos valeurs identifient qui nous sommes et ce qui est important pour nous. Ils nous guident sur la fa\u00e7on de prendre des d\u00e9cisions, d&#8217;\u00e9tablir des priorit\u00e9s, de relever les d\u00e9fis, de g\u00e9rer les compromis, de recruter et de d\u00e9velopper du personnel et de collaborer avec nos partenaires.<\/p>\t\t\t\t\t\t\t\t<\/div>\n\t\t\t\t<\/div>\n\t\t\t\t<div class=\"elementor-element elementor-element-0394221 elementor-widget elementor-widget-elementskit-accordion\" data-id=\"0394221\" data-element_type=\"widget\" data-widget_type=\"elementskit-accordion.default\">\n\t\t\t\t<div class=\"elementor-widget-container\">\n\t\t\t\t\t<div class=\"ekit-wid-con\" >\n        <div class=\"elementskit-accordion accoedion-primary\" id=\"accordion-69dba42282b73\">\n\n            \n                <div class=\"elementskit-card active\">\n                    <div class=\"elementskit-card-header\" id=\"primaryHeading-0-0394221\">\n                        <a href=\"#collapse-6dfa7d069dba42282b73\" class=\"ekit-accordion--toggler elementskit-btn-link collapsed\" data-ekit-toggle=\"collapse\" data-target=\"#Collapse-6dfa7d069dba42282b73\" aria-expanded=\"true\" aria-controls=\"Collapse-6dfa7d069dba42282b73\">\n                            \n                            <span class=\"ekit-accordion-title\">La pratique de l\u2019excellence : <\/span>\n\n                            \n                                <div class=\"ekit_accordion_icon_group\">\n                                    <div class=\"ekit_accordion_normal_icon\">\n                                        <!-- Normal Icon -->\n\t\t\t\t\t\t\t\t\t\t<i class=\"icon icon-down-arrow1\"><\/i>                                    <\/div>\n\n                                    <div class=\"ekit_accordion_active_icon\">\n                                        <!-- Active Icon -->\n\t\t\t\t\t\t\t\t\t\t<i class=\"icon icon-up-arrow\"><\/i>                                    <\/div>\n                                <\/div>\n\n                            \n                                                    <\/a>\n                    <\/div>\n\n                    <div id=\"Collapse-6dfa7d069dba42282b73\" class=\" show collapse\" aria-labelledby=\"primaryHeading-0-0394221\" data-parent=\"#accordion-69dba42282b73\">\n\n                        <div class=\"elementskit-card-body ekit-accordion--content\">\n                            <p>A l'IOC, nous croyons en la puissance de l\u2019ambition et de la pers\u00e9v\u00e9rance. Notre credo ? Donner le meilleur de nous-m\u00eames. Cela ne signifie pas seulement atteindre nos objectifs, mais les surpasser, repousser les fronti\u00e8res de l\u2019imaginable et exceller dans chaque projet, chaque id\u00e9e, chaque r\u00eave.<\/p>                        <\/div>\n\n                    <\/div>\n\n                <\/div><!-- .elementskit-card END -->\n\n                \n                <div class=\"elementskit-card \">\n                    <div class=\"elementskit-card-header\" id=\"primaryHeading-1-0394221\">\n                        <a href=\"#collapse-87cfc7469dba42282b73\" class=\"ekit-accordion--toggler elementskit-btn-link collapsed\" data-ekit-toggle=\"collapse\" data-target=\"#Collapse-87cfc7469dba42282b73\" aria-expanded=\"false\" aria-controls=\"Collapse-87cfc7469dba42282b73\">\n                            \n                            <span class=\"ekit-accordion-title\">L\u2019apprentissage :<\/span>\n\n                            \n                                <div class=\"ekit_accordion_icon_group\">\n                                    <div class=\"ekit_accordion_normal_icon\">\n                                        <!-- Normal Icon -->\n\t\t\t\t\t\t\t\t\t\t<i class=\"icon icon-down-arrow1\"><\/i>                                    <\/div>\n\n                                    <div class=\"ekit_accordion_active_icon\">\n                                        <!-- Active Icon -->\n\t\t\t\t\t\t\t\t\t\t<i class=\"icon icon-up-arrow\"><\/i>                                    <\/div>\n                                <\/div>\n\n                            \n                                                    <\/a>\n                    <\/div>\n\n                    <div id=\"Collapse-87cfc7469dba42282b73\" class=\" collapse\" aria-labelledby=\"primaryHeading-1-0394221\" data-parent=\"#accordion-69dba42282b73\">\n\n                        <div class=\"elementskit-card-body ekit-accordion--content\">\n                            <p>Nous questionnons les hypoth\u00e8ses et cherchons \u00e0 comprendre ce qui fonctionne, ce qui ne fonctionne pas et pourquoi. Nous reconnaissons que le fait de ne pas atteindre un objectif peut \u00eatre une source importante d'apprentissage, et nous appliquons et partageons ces le\u00e7ons.<\/p><p>Chez IOC, l\u2019apprentissage est un voyage sans cesse renouvel\u00e9, une aventure qui nous pousse \u00e0 sortir de notre zone de confort et \u00e0 embrasser la curiosit\u00e9 intellectuelle. Nous sommes des explorateurs dans l\u2019univers du savoir, toujours en qu\u00eate de nouvelles connaissances, reconnaissant humblement que l\u2019horizon de la compr\u00e9hension est infini.<\/p>                        <\/div>\n\n                    <\/div>\n\n                <\/div><!-- .elementskit-card END -->\n\n                \n                <div class=\"elementskit-card \">\n                    <div class=\"elementskit-card-header\" id=\"primaryHeading-2-0394221\">\n                        <a href=\"#collapse-75d5a5069dba42282b73\" class=\"ekit-accordion--toggler elementskit-btn-link collapsed\" data-ekit-toggle=\"collapse\" data-target=\"#Collapse-75d5a5069dba42282b73\" aria-expanded=\"false\" aria-controls=\"Collapse-75d5a5069dba42282b73\">\n                            \n                            <span class=\"ekit-accordion-title\">Le travail en \u00e9quipe : <\/span>\n\n                            \n                                <div class=\"ekit_accordion_icon_group\">\n                                    <div class=\"ekit_accordion_normal_icon\">\n                                        <!-- Normal Icon -->\n\t\t\t\t\t\t\t\t\t\t<i class=\"icon icon-down-arrow1\"><\/i>                                    <\/div>\n\n                                    <div class=\"ekit_accordion_active_icon\">\n                                        <!-- Active Icon -->\n\t\t\t\t\t\t\t\t\t\t<i class=\"icon icon-up-arrow\"><\/i>                                    <\/div>\n                                <\/div>\n\n                            \n                                                    <\/a>\n                    <\/div>\n\n                    <div id=\"Collapse-75d5a5069dba42282b73\" class=\" collapse\" aria-labelledby=\"primaryHeading-2-0394221\" data-parent=\"#accordion-69dba42282b73\">\n\n                        <div class=\"elementskit-card-body ekit-accordion--content\">\n                            <ul><li><strong>\u00ab\u00a0Tous ensemble\u00a0\u00bb<\/strong> Nous travaillons ensemble vers des objectifs clairs et communs avec un esprit de cr\u00e9ativit\u00e9 et de travail d\u2019\u00e9quipe. Nous croyons que l\u2019apport de diff\u00e9rentes perspectives conduit \u00e0 trouver les meilleures solutions.<\/li><\/ul><p>Une communication ad\u00e9quate est essentielle pour tisser des liens solides entre les membres de l\u2019\u00e9quipe, favorisant ainsi un environnement o\u00f9 l\u2019entraide et le dialogue sont rois. Nous encourageons chaque membre \u00e0 partager, \u00e0 \u00e9couter et \u00e0 collaborer, car c\u2019est ensemble que nous atteignons l\u2019excellence. Chaque conversation est une opportunit\u00e9 de briller, chaque \u00e9change un pas de plus vers des r\u00e9sultats optimaux.<\/p>                        <\/div>\n\n                    <\/div>\n\n                <\/div><!-- .elementskit-card END -->\n\n                \n                <div class=\"elementskit-card \">\n                    <div class=\"elementskit-card-header\" id=\"primaryHeading-3-0394221\">\n                        <a href=\"#collapse-3cab01f69dba42282b73\" class=\"ekit-accordion--toggler elementskit-btn-link collapsed\" data-ekit-toggle=\"collapse\" data-target=\"#Collapse-3cab01f69dba42282b73\" aria-expanded=\"false\" aria-controls=\"Collapse-3cab01f69dba42282b73\">\n                            \n                            <span class=\"ekit-accordion-title\">Le respect des individus et des id\u00e9es : <\/span>\n\n                            \n                                <div class=\"ekit_accordion_icon_group\">\n                                    <div class=\"ekit_accordion_normal_icon\">\n                                        <!-- Normal Icon -->\n\t\t\t\t\t\t\t\t\t\t<i class=\"icon icon-down-arrow1\"><\/i>                                    <\/div>\n\n                                    <div class=\"ekit_accordion_active_icon\">\n                                        <!-- Active Icon -->\n\t\t\t\t\t\t\t\t\t\t<i class=\"icon icon-up-arrow\"><\/i>                                    <\/div>\n                                <\/div>\n\n                            \n                                                    <\/a>\n                    <\/div>\n\n                    <div id=\"Collapse-3cab01f69dba42282b73\" class=\" collapse\" aria-labelledby=\"primaryHeading-3-0394221\" data-parent=\"#accordion-69dba42282b73\">\n\n                        <div class=\"elementskit-card-body ekit-accordion--content\">\n                            <p>Nous c\u00e9l\u00e9brons la diversit\u00e9. C\u2019est notre richesse et nous rend uniques. Chaque personne est une pierre pr\u00e9cieuse dans l\u2019\u00e9difice de notre entreprise, et chaque voix m\u00e9rite d\u2019\u00eatre entendue. Nous honorons chaque individu, sans distinction, car chaque personne a sa valeur. Dans l\u2019ar\u00e8ne des id\u00e9es, nous ne connaissons pas de fronti\u00e8res. Aucune pens\u00e9e n\u2019est rejet\u00e9e, car m\u00eame l\u2019id\u00e9e la plus humble peut \u00eatre l\u2019\u00e9tincelle d\u2019une r\u00e9volution. Une id\u00e9e qui semble inad\u00e9quate aujourd\u2019hui peut se transformer en la cl\u00e9 de demain.<\/p>                        <\/div>\n\n                    <\/div>\n\n                <\/div><!-- .elementskit-card END -->\n\n                \n                <div class=\"elementskit-card \">\n                    <div class=\"elementskit-card-header\" id=\"primaryHeading-4-0394221\">\n                        <a href=\"#collapse-46e215d69dba42282b73\" class=\"ekit-accordion--toggler elementskit-btn-link collapsed\" data-ekit-toggle=\"collapse\" data-target=\"#Collapse-46e215d69dba42282b73\" aria-expanded=\"false\" aria-controls=\"Collapse-46e215d69dba42282b73\">\n                            \n                            <span class=\"ekit-accordion-title\">La responsabilit\u00e9 et redevabilit\u00e9 : <\/span>\n\n                            \n                                <div class=\"ekit_accordion_icon_group\">\n                                    <div class=\"ekit_accordion_normal_icon\">\n                                        <!-- Normal Icon -->\n\t\t\t\t\t\t\t\t\t\t<i class=\"icon icon-down-arrow1\"><\/i>                                    <\/div>\n\n                                    <div class=\"ekit_accordion_active_icon\">\n                                        <!-- Active Icon -->\n\t\t\t\t\t\t\t\t\t\t<i class=\"icon icon-up-arrow\"><\/i>                                    <\/div>\n                                <\/div>\n\n                            \n                                                    <\/a>\n                    <\/div>\n\n                    <div id=\"Collapse-46e215d69dba42282b73\" class=\" collapse\" aria-labelledby=\"primaryHeading-4-0394221\" data-parent=\"#accordion-69dba42282b73\">\n\n                        <div class=\"elementskit-card-body ekit-accordion--content\">\n                            <p>Nous sommes les gardiens des activit\u00e9s qui nous sont confi\u00e9es, les artisans m\u00e9ticuleux des mat\u00e9riaux que nous manions. Rendre le travail \u00e0 temps et impeccable, c\u2019est notre marque de responsabilit\u00e9, notre signature d\u2019excellence. La redevabilit\u00e9 est notre compagne de route, l\u2019\u00e9cho de notre int\u00e9grit\u00e9. Elle se manifeste dans notre capacit\u00e9 \u00e0 reconna\u00eetre et assumer nos obligations, \u00e0 rendre compte avec honn\u00eatet\u00e9. La responsabilit\u00e9 est notre promesse, la redevabilit\u00e9, notre preuve d\u2019honneur.<\/p>                        <\/div>\n\n                    <\/div>\n\n                <\/div><!-- .elementskit-card END -->\n\n                                        <\/div>\n    <\/div>\t\t\t\t<\/div>\n\t\t\t\t<\/div>\n\t\t\t\t<\/div>\n\t\t\t\t<\/div>\n\t\t\t\t\t<\/div>\n\t\t\t\t<\/div>\n\t\t<div class=\"elementor-element elementor-element-d71891f e-flex e-con-boxed e-con e-parent\" data-id=\"d71891f\" data-element_type=\"container\">\n\t\t\t\t\t<div class=\"e-con-inner\">\n\t\t<div class=\"elementor-element elementor-element-19f600e e-con-full e-flex e-con e-child\" data-id=\"19f600e\" data-element_type=\"container\">\n\t\t\t\t<div class=\"elementor-element elementor-element-3d346f3 elementor-widget elementor-widget-heading\" data-id=\"3d346f3\" data-element_type=\"widget\" data-widget_type=\"heading.default\">\n\t\t\t\t<div class=\"elementor-widget-container\">\n\t\t\t\t\t<h2 class=\"elementor-heading-title elementor-size-default\">Visitez-Nous <\/h2>\t\t\t\t<\/div>\n\t\t\t\t<\/div>\n\t\t\t\t<div class=\"elementor-element elementor-element-86aa074 elementor-widget elementor-widget-google_maps\" data-id=\"86aa074\" data-element_type=\"widget\" data-widget_type=\"google_maps.default\">\n\t\t\t\t<div class=\"elementor-widget-container\">\n\t\t\t\t\t\t\t<div class=\"elementor-custom-embed\">\n\t\t\t<iframe loading=\"lazy\"\n\t\t\t\t\tsrc=\"https:\/\/maps.google.com\/maps?q=cotonou%2C%20fidjross%C3%A8&#038;t=m&#038;z=16&#038;output=embed&#038;iwloc=near\"\n\t\t\t\t\ttitle=\"cotonou, fidjross\u00e8\"\n\t\t\t\t\taria-label=\"cotonou, fidjross\u00e8\"\n\t\t\t><\/iframe>\n\t\t<\/div>\n\t\t\t\t\t\t<\/div>\n\t\t\t\t<\/div>\n\t\t\t\t<\/div>\n\t\t\t\t\t<\/div>\n\t\t\t\t<\/div>\n\t\t\t\t<\/div>\n\t\t","protected":false},"excerpt":{"rendered":"<p>Accuel NOTRE VISION Il\u00e9 Okp\u00ea Center est plus qu\u2019un Centre Culturel. C\u2019est un lieu de VIE. Un espace vivant o\u00f9 culture, le loisir et sport se rencontrent pour construire une communaut\u00e9 plus \u00e9panouie. Une oasis de calme et d\u2019inspiration. Notre centre est un espace refuge et tremplin \u00e0 la fois : refuge pour ceux qui [&hellip;]<\/p>\n","protected":false},"author":1,"featured_media":0,"parent":0,"menu_order":0,"comment_status":"closed","ping_status":"closed","template":"elementor_header_footer","meta":{"footnotes":""},"class_list":["post-92","page","type-page","status-publish","hentry"],"_links":{"self":[{"href":"https:\/\/ileokpe.org\/index.php\/wp-json\/wp\/v2\/pages\/92","targetHints":{"allow":["GET"]}}],"collection":[{"href":"https:\/\/ileokpe.org\/index.php\/wp-json\/wp\/v2\/pages"}],"about":[{"href":"https:\/\/ileokpe.org\/index.php\/wp-json\/wp\/v2\/types\/page"}],"author":[{"embeddable":true,"href":"https:\/\/ileokpe.org\/index.php\/wp-json\/wp\/v2\/users\/1"}],"replies":[{"embeddable":true,"href":"https:\/\/ileokpe.org\/index.php\/wp-json\/wp\/v2\/comments?post=92"}],"version-history":[{"count":64,"href":"https:\/\/ileokpe.org\/index.php\/wp-json\/wp\/v2\/pages\/92\/revisions"}],"predecessor-version":[{"id":838,"href":"https:\/\/ileokpe.org\/index.php\/wp-json\/wp\/v2\/pages\/92\/revisions\/838"}],"wp:attachment":[{"href":"https:\/\/ileokpe.org\/index.php\/wp-json\/wp\/v2\/media?parent=92"}],"curies":[{"name":"wp","href":"https:\/\/api.w.org\/{rel}","templated":true}]}}